{"id":13559,"date":"2020-10-23T00:07:49","date_gmt":"2020-10-23T00:07:49","guid":{"rendered":"https:\/\/herfasa.com\/catalogo\/?post_type=product&#038;p=13559"},"modified":"2025-04-11T15:00:27","modified_gmt":"2025-04-11T18:00:27","slug":"ventana-corrediza-con-celosia","status":"publish","type":"product","link":"https:\/\/herfasa.com\/catalogo\/producto\/ventana-corrediza-con-celosia\/","title":{"rendered":"Ventana Corrediza con Celos\u00eda"},"content":{"rendered":"<p>Las ventanas de aluminio l\u00ednea herrero son econ\u00f3micas, resistentes a los rayos UV y de f\u00e1cil mantenimiento, ideales para viviendas y proyectos.<\/p>\n","protected":false},"excerpt":{"rendered":"<p>Ventana de aluminio corrediza con celos\u00edas.<\/p>\n","protected":false},"featured_media":13833,"template":"","meta":[],"product_cat":[85,220],"product_tag":[],"class_list":{"0":"post-13559","1":"product","2":"type-product","3":"status-publish","4":"has-post-thumbnail","6":"product_cat-corredizas","7":"product_cat-ventanas","9":"first","10":"instock","11":"shipping-taxable","12":"product-type-variable"},"_links":{"self":[{"href":"https:\/\/herfasa.com\/catalogo\/wp-json\/wp\/v2\/product\/13559","targetHints":{"allow":["GET"]}}],"collection":[{"href":"https:\/\/herfasa.com\/catalogo\/wp-json\/wp\/v2\/product"}],"about":[{"href":"https:\/\/herfasa.com\/catalogo\/wp-json\/wp\/v2\/types\/product"}],"wp:featuredmedia":[{"embeddable":true,"href":"https:\/\/herfasa.com\/catalogo\/wp-json\/wp\/v2\/media\/13833"}],"wp:attachment":[{"href":"https:\/\/herfasa.com\/catalogo\/wp-json\/wp\/v2\/media?parent=13559"}],"wp:term":[{"taxonomy":"product_cat","embeddable":true,"href":"https:\/\/herfasa.com\/catalogo\/wp-json\/wp\/v2\/product_cat?post=13559"},{"taxonomy":"product_tag","embeddable":true,"href":"https:\/\/herfasa.com\/catalogo\/wp-json\/wp\/v2\/product_tag?post=13559"}],"curies":[{"name":"wp","href":"https:\/\/api.w.org\/{rel}","templated":true}]}}